s the remainder when 1115409 is divided by 359?
355
Calculate the remainder when 3593 is divided by 33.
29
Calculate the remainder when 2552 is divided by 334.
214
What is the remainder when 6984 is divided by 35?
19
Calculate the remainder when 12218 is divided by 644.
626
What is the remainder when 2792 is divided by 187?
174
Calculate the remainder when 1195 is divided by 1128.
67
What is the remainder when 17698 is divided by 5899?
1
Calculate the remainder when 4120 is divided by 90.
70
What is the remainder when 34102 is divided by 422?
342
Calculate the remainder when 36258 is divided by 51.
48
Calculate the remainder when 42077 is divided by 14025.
2
What is the remainder when 13402 is divided by 383?
380
What is the remainder when 4296 is divided by 1336?
288
Calculate the remainder when 2908552 is divided by 19.
13
What is the remainder when 358549 is divided by 9?
7
Calculate the remainder when 8847 is divided by 980.
27
What is the remainder when 2565 is divided by 428?
425
Calculate the remainder when 1067211 is divided by 958.
957
Calculate the remainder when 51612 is divided by 111.
108
What is the remainder when 8294 is divided by 4135?
24
What is the remainder when 16323 is divided by 215?
198
What is the remainder when 20737 is divided by 307?
168
What is the remainder when 103189 is divided by 17?
16
What is the remainder when 9856 is divided by 1218?
112
What is the remainder when 58855 is divided by 60?
55
What is the remainder when 24027 is divided by 54?
51
Calculate the remainder when 146209 is divided by 24.
1
Calculate the remainder when 2123 is divided by 42.
23
Calculate the remainder when 955 is divided by 935.
20
Calculate the remainder when 16511 is divided by 139.
109
Calculate the remainder when 8164 is divided by 302.
10
What is the remainder when 30398 is divided by 823?
770
What is the remainder when 8654 is divided by 133?
9
Calculate the remainder when 10827 is divided by 581.
369
What is the remainder when 730424 is divided by 76?
64
Calculate the remainder when 114725 is divided by 9560.
5
What is the remainder when 4742 is divided by 64?
6
Calculate the remainder when 3781 is divided by 332.
129
Calculate the remainder when 5942 is divided by 1955.
77
Calculate the remainder when 4320 is divided by 1221.
657
What is the remainder when 8114 is divided by 577?
36
What is the remainder when 14858 is divided by 2119?
25
What is the remainder when 238700 is divided by 79555?
35
What is the remainder when 7659 is divided by 59?
48
What is the remainder when 19572 is divided by 1297?
117
Calculate the remainder when 23362 is divided by 33.
31
What is the remainder when 228503 is divided by 799?
788
Calculate the remainder when 10637 is divided by 10590.
47
Calculate the remainder when 826 is divided by 566.
260
Calculate the remainder when 12671 is divided by 528.
527
What is the remainder when 99987 is divided by 6?
3
Calculate the remainder when 14043 is divided by 97.
75
What is the remainder when 41008 is divided by 139?
3
What is the remainder when 9704 is divided by 2404?
88
Calculate the remainder when 556069 is divided by 85.
84
Calculate the remainder when 10221 is divided by 1458.
15
What is the remainder when 4230 is divided by 675?
180
Calculate the remainder when 93904 is divided by 72.
16
What is the remainder when 224744 is divided by 18728?
8
What is the remainder when 3837 is divided by 1844?
149
Calculate the remainder when 12817 is divided by 8.
1
Calculate the remainder when 297003 is divided by 148475.
53
Calculate the remainder when 11272 is divided by 275.
272
Calculate the remainder when 2106 is divided by 69.
36
Calculate the remainder when 3821 is divided by 1768.
285
What is the remainder when 2439 is divided by 521?
355
Calculate the remainder when 169706 is divided by 1347.
1331
What is the remainder when 11757 is divided by 30?
27
What is the remainder when 138280 is divided by 208?
168
What is the remainder when 18376 is divided by 69?
22
What is the remainder when 80650 is divided by 127?
5
Calculate the remainder when 155 is divided by 41.
32
What is the remainder when 34023 is divided by 6?
3
What is the remainder when 35168 is divided by 43?
37
Calculate the remainder when 107954 is divided by 144.
98
Calculate the remainder when 3502684 is divided by 1454.
1452
What is the remainder when 153009 is divided by 110?
109
What is the remainder when 641717 is divided by 526?
523
Calculate the remainder when 220603 is divided by 165.
163
Calculate the remainder when 61151 is divided by 213.
20
Calculate the remainder when 3207 is divided by 292.
287
Calculate the remainder when 1226727 is divided by 1545.
1542
What is the remainder when 1208 is divided by 155?
123
What is the remainder when 117506 is divided by 393?
392
What is the remainder when 14423 is divided by 195?
188
Calculate the remainder when 5272 is divided by 2583.
106
What is the remainder when 7289 is divided by 2419?
32
What is the remainder when 11779 is divided by 53?
13
What is the remainder when 57133 is divided by 98?
97
Calculate the remainder when 22515 is divided by 402.
3
Calculate the remainder when 82292 is divided by 27.
23
Calculate the remainder when 2406 is divided by 184.
14
Calculate the remainder when 1610 is divided by 97.
58
What is the remainder when 904 is divided by 651?
253
What is the remainder when 46586 is divided by 188?
150
Calculate the remainder when 251846 is divided by 119.
42
What is the remainder when 561 is divided by 20?
1
Calculate the remainder when 337933 is divided by 84.
1
Calculate the remainder when 1881 is divided by 22.
11
Calculate the remainder when 406140 is divided by 169.
33
Calculate the remainder when 23060 is divided by 3278.
114
What is the remainder when 2431 is divided by 1210?
11
Calculate the remainder when 25575 is divided by 1503.
24
Calculate the remainder when 26617 is divided by 26599.
18
Calculate the remainder when 3135 is divided by 626.
5
Calculate the remainder when 164256 is divided by 468.
456
Calculate the remainder when 122768 is divided by 536.
24
Calculate the remainder when 55186 is divided by 11001.
181
What is the remainder when 1418 is divided by 5?
3
What is the remainder when 348630 is divided by 1529?
18
Calculate the remainder when 1181781 is divided by 492.
489
What is the remainder when 252132 is divided by 1101?
3
What is the remainder when 28206 is divided by 9289?
339
Calculate the remainder when 1867091 is divided by 17.
15
What is the remainder when 58611 is divided by 229?
216
Calculate the remainder when 1357 is divided by 189.
34
Calculate the remainder when 1128 is divided by 192.
168
What is the remainder when 48342 is divided by 24160?
22
What is the remainder when 29347 is divided by 144?
115
What is the remainder when 437264 is divided by 43?
40
What is the remainder when 6451 is divided by 536?
19
What is the remainder when 3066 is divided by 71?
13
Calculate the remainder when 5169 is divided by 66.
21
What is the remainder when 7897 is divided by 2478?
463
What is the remainder when 1630979 is divided by 26?
25
Calculate the remainder when 396505 is divided by 34.
31
Calculate the remainder when 98030 is divided by 16.
14
Calculate the remainder when 178221 is divided by 188.
185
What is the remainder when 10355460 is divided by 392?
388
Calculate the remainder when 34456 is divided by 107.
2
What is the remainder when 1323 is divided by 771?
552
What is the remainder when 156781 is divided by 33?
31
Calculate the remainder when 4101 is divided by 448.
69
Calculate the remainder when 98024 is divided by 755.
629
Calculate the remainder when 66120 is divided by 396.
384
What is the remainder when 55225 is divided by 34?
9
What is the remainder when 961295 is divided by 16?
15
What is the remainder when 1359 is divided by 1351?
8
Calculate the remainder when 14218 is divided by 41.
32
Calculate the remainder when 194319 is divided by 404.
399
Calculate the remainder when 1915 is divided by 8.
3
What is the remainder when 1837 is divided by 674?
489
What is the remainder when 4635 is divided by 2253?
129
Calculate the remainder when 53343 is divided by 17777.
12
Calculate the remainder when 24523 is divided by 997.